-11
What is the value of -17 - (-3 + 5 + -23)?
4
Calculate 6 + 4 + (10 + -18 - -2).
4
What is -3 - ((-14 - (0 - 10)) + 1)?
0
-5 + 8 + -6 + -22 + 4 + -4
-25
Calculate -2 - (-10 + 1 - (101 - 100)) - 0.
8
Evaluate -1 + (8 - 5) + 6 + -11.
-3
Calculate 39 + -23 + -8 + 6 + 0.
14
(10 - (-6 - (10 - 14))) + -3
9
7 - ((4 - (6 - 2)) + -4)
11
What is 2 + (-6 - (-1 + -10) - -2)?
9
Evaluate (-2 + -2 - (-6 + 9)) + -2 + 7.
-2
What is the value of 13 + (24 - -6) + -22?
21
Evaluate -54 - -21 - -28 - (0 - 5).
0
What is -8 + 17 + 2 + 0?
11
1 + (5 - -5 - 11 - -7 - 0)
7
(-16 - 11) + 11 + 22
6
What is the value of -158 + 151 - (0 - (3 - 0))?
-4
What is the value of (1 - 13) + (34 - (-30 - -32))?
20
What is 6 + 1 + (14 - (-11 + 16))?
16
Evaluate (-3 - -9) + (26 - 16) + -16.
0
Calculate -14 + 0 - (-419 + 387).
18
8 + 41 + -21 + -27
1
What is the value of (4 - (16 - 9)) + -3 + -7 + 0?
-13
Evaluate (15 - 14) + 6 - 8.
-1
What is -4 + (4 - (10 + -9))?
-1
What is the value of (-15 + 13 - (4 - 25) - 9) + 9?
19
What is the value of -10 + 23 - 13 - -11?
11
Evaluate 11 - 18 - (7 + -9 + 3 - 6).
-2
Calculate 10 - (-22 + 17 - (3 - 5)).
13
Evaluate (10 - 10) + (-16 - -14) + -9.
-11
Evaluate (-15 + 5 - -7) + -1 + 11.
7
What is (-13 + (5 - -6) - (-2 + 2)) + 8?
6
Evaluate 13 + -13 + -31 - -35.
4
Calculate 0 - (9 - 19) - 11 - (0 + -7).
6
What is the value of -1 - 17 - (-1 - -1 - -9 - 12)?
-15
Calculate 10 - (15 + -13 + -3).
11
Evaluate -9 - (13 + -16 + -4).
-2
What is 14 - ((9 - 12) + 8 + -5)?
14
Calculate (-16 - -6 - -27) + -14.
3
What is the value of -1 + 1 + 9 + -6 + -6 - 8?
-11
What is the value of (26 + -2 - (-29 - -31)) + -10?
12
What is the value of -9 + 28 + (-2 - -2 - 1) + -5?
13
Calculate 0 + -2 - (32 - 30) - -8.
4
Evaluate -3 + -4 + -2 + 5.
-4
22 - (-9 - (6 - (22 + 1)))
14
-15 + ((-6 - 6) + 11 - -11)
-5
Evaluate -3 + (7 - (0 + -3 - -8)) - 1.
-2
What is the value of (9 - 1) + (-28 - (-4 + -8))?
-8
What is the value of (21 - 34 - (3 + -6)) + (-1 - -2)?
-9
Evaluate -3 + (3 + 1 + -7 - -1).
-5
8 - 1 - (-13 - -26 - 11)
5
What is (24 - 20) + (7 + -5 + 0 - -5)?
11
Calculate (5 - 15) + 31 - (6 + 2).
13
What is the value of -11 - (-18 + 6) - ((-3 - 11) + 10)?
5
What is -1 + -5 - 1 - (-21 - -19)?
-5
Calculate -7 + (-30 + 26 - (-9 + (2 - 1))).
-3
What is the value of 4 - 17 - 1 - -24?
10
-80 + 23 - -16 - -25
-16
What is -5 + -5 - (7 + -12 + 10)?
-15
What is the value of 27 + -20 - (4 - -4)?
-1
2 + (-3 - (-2 - -6 - 22))
17
Calculate (2 + -3 - 11 - -17) + -1.
4
What is the value of 8 - (56 - 16) - (-11 - -3 - 2)?
-22
What is 8 - (5 - (1 - -3) - (8 - 14))?
1
What is the value of (-13 - (-19 - 12)) + -22 - (5 + 0)?
-9
What is -219 + 237 + (-1 - 7 - (-7 + 7))?
10
What is the value of 1 + -5 + (-18 - (-12 - -3))?
-13
What is the value of (85 - 107) + -9 + 6?
-25
Calculate 11 + -24 + (-13 - -14) + -5.
-17
What is the value of (-99 - -10) + 32 + 29?
-28
Evaluate 2 - 0 - (13 + 8 + -7).
-12
What is (-21 + 24 - (0 - -11)) + 2 - 12?
-18
Evaluate -15 + (10 - (14 + -9)).
-10
Calculate -1 - 10 - (57 + (-41 - 9)).
-18
Calculate 2 - (-1 + 3 + 4 - 4) - -1.
1
-5 + 11 + (-22 - -4) - -10
-2
Evaluate -49 - (13 + (25 - 65)).
-22
What is the value of (-18 - -12) + 1 + (-4 - -22)?
13
What is the value of (4 + 0 - (-197 - -237)) + (1 - -1)?
-34
Calculate -25 - (2 - 8) - -20.
1
Evaluate -17 - (-12 + -43 + (-1 - -13)).
26
Evaluate (1 - 3) + 8 - (-662 + 689).
-21
Calculate (26 + (-9 - -2) + 6 - 5) + -8.
12
Evaluate (7 + 3 - 11) + (8 - 0).
7
(-7 - (-10 + -4 - -8)) + (0 - 1)
-2
Calculate 0 + -1 - (-3 - -10) - (2 + -15).
5
4 + -36 - (-9 + -17 + 18)
-24
Calculate 8 + (39 - (75 - 17)).
-11
1 + 3 + (4 - (6 + -12))
14
What is the value of 21 + (-11 + 1 - (18 + -17))?
10
Calculate 17 + 94 + -95 + -47 + 1.
-30
What is 2 + -19 + 3 - (48 - 39)?
-23
(-3 - 2) + (-3 - -2) + (-9 - -26)
11
Calculate (13 - -1) + -5 + 2 + (0 - -5).
16
Calculate 14 - (32 - (19 + -16)).
-15
18 + (-21 + 39 - 32)
4
26 + 161 + -163 + (1 - 11)
14
Calculate -3 + (4 - -8) + -27.
-18
Calculate -44 + -2 + (-18 - -10 - -24).
-30
What is -1 - (3 - -3) - (-14 + -12 + 12)?
7
Evaluate (5 - (9 + 2)) + -13.
-19
What is the value of 21 + -2 + (0 - -12 - 21 - -6)?
16
Calculate 1 + -15 + (18 + -34 - -15) - -7.
-8
-5 + (29 - 58 - -59)
25
Calculate (36 - 67) + 26 + (0 - (2 - 19)).
12
What is the value of (-1 + 3 + (2 - 4) - -4) + -5?
-1
What is the value of 54 + -43 + -2 - (-3 + -1 + -2)?
15
What is the value of 1 - -9 - (4 + -8 + 31)?
-17
Evaluate 19 + (16 + -2 - 25).
8
What is the value of (24 + -13 - (3 + 4)) + -7?
-3
Evaluate (-44 - (-2 + -21 + -1)) + 4 + -1.
-17
Calculate 1 + (-4 + -24 - -13) - -20.
6
5 + -7 + -1 - (1 + (8 - 11))
-1
What is -10 - (-5 - (7 + -3 + 3)) - -17?
19
21 + (3 - 15) + 3
12
What is 15 - (-13 + 34) - -3?
-3
What is (3 - -6) + (-10 - -11)?
10
What is 209 - 221 - (1 - 0 - -10)?
-23
Evaluate -30 + (0 - -19) + -9 - -39.
19
What is the value of (32 + 28 - 69) + 1 + 33?
25
Calculate (2 - (3 + 3)) + (12 - -8).
16
13 - (10 + -7 - -5 - 10)
15
Evaluate -18 - (-1 - -2) - (581 + -612).
12
Evaluate 5 - (21 - 18) - (15 - 0).
-13
What is the value of -15 + 36 + (-13 - -4) + 6?
18
What is the value of (4 - -1 - -7) + 4 - 5?
11
Calculate (16 - 30) + -2 + 9.
-7
Evaluate (20 + -12 - (-2 + 4)) + (0 - -3).
9
What is the value of (55 - 54) + (1 - 1) + -39?
-38
Evaluate -1 + 17 + -47 - -11.
-20
Evaluate 4 - -35 - (240 - 228).
27
Evaluate 8 - (10 + -3 - (3 + -17 - 7)).
-20
Calculate -59 + 64 + -21 + 8.
-8
What is the value of 0 + 3 + 2 + 8 + 1 + -11?
3
-1 + (-32 + -2 + -1 - (-2 + -4))
-30
Evaluate 0 + 16 - (-95 - -109).
2
Calculate -23 + 15 + 0 + 13.
5
What is the value of -9 - (4 - 4 - 22)?
13
Calculate -19 + 9 + (-4 - (-16 - (-3 - 0))).
-1
What is the value of 1 + 1 + -6 + 2 + (-404 - -397)?
-9
Evaluate -11 + 6 - (1 - 5) - (-59 - -43).
15
What is 23 + 0 + -7 + 7 + -7 + 2?
18
Calculate (-13 - 6) + (4 - 16) + -1 + -4.
-36
What is 9 + -13 + -6 + -21?
-31
What is 4 + 2 + -3 - (-41 + (36 - 7))?
15
Evaluate 186 - 128 - (24 - 6).
40
What is -6 - (17 - 5 - 27)?
9
What is 1 + 4 - (-48 + 51) - (48 + -76)?
30
0 - (13 + 2 + -3)
-12
-38 + 16 + (-9 - -13)
-18
Evaluate (11 - 5) + (2 - (8 - 3) - -2).
5
Calculate 7 + -1 - (10 + (7 - (11 - -8))).
8
Calculate -2 + 2 + 0 + 8 + -5 - -6.
9
Calculate 1 + -16 + -12 + 34.
7
What is 0 - (-6 + 5 - 9) - (-1 + -7)?
18
What is the value of 2 + -2 - (1 + (-2 - 0))?
1
What is the value of 152 - 151 - (-7 + -30 + 3 + 2)?
33
What is the value of (-4 - 25) + 8 + -5 - -5?
-21
9 - (2 - 3 - (-9 + 11))
12
-1 + (0 - -9) + 16 + -8
16
Calculate (16 - (17 - 14)) + -9 - -18.
22
What is the value of -1 - -11 - (-392 + 427)?
-25
What is (32 - 15 - 10) + -1 + -7 + 0?
-1
What is the value of -50 + 39 + 23 - (0 - -5) - -7?
14
What is 1 + 1 - (-1 + -16 + 18)?
1
What is the value of (-9 - (9 - 11) - 2) + (1 - 3)?
-11
What is the value of (-18 - (-23 + 0) - 24) + -5 + 1?
-23
What is the value of -21 + 32 + (20 - 20 - 11)?
0
What is 3 - (-10 - 10 - -4) - 46?
-27
What is (-2 - -5) + (-57 - -34) + -8?
-28
What is the value of (27 - 22) + 43 + -22?
26
What is -18 + 1 + (-35 - -61)?
9
What is the value of (-14 - 6) + (3 - -10 - 4)?
-11
Evaluate -13 + (0 - (-16 - -6)) + -6 + -1.
-10
What is 6 + -9 - 8 - (4 + -11)?
-4
Calculate -24 - ((0 - -5) + (-12 - -3)).
-20
What is the value of -963 + 956 + (-1 - -1 - 0 - -25)?
18
-424 - -448 - (0 - 0)
24
Calculate (20 - (-51 - -41)) + -26.
4
Evaluate -7 + -2 - (-14 - (8 - 5) - -4).
4
(-38 - -89 - 38) + (-1 - -3) + 9
24
(10 - 50) + (88 - 54)
-6
Evaluate -2 - (-4 - (-3 - 12)) - (4 + -4).
-13
Calculate -39 + 11 - (-206 - -154).
24
Evaluate 15 + -5 - (-2 + -10 + 16).
6
What is the value of (-20 - -58 - (13 + -1)) + 3 + -10?
19
Calculate 28 + -5 + (-37 - -38).
24
Calculate -8 - (-3 - 11) - 11 - (-13 - -1).
7
10 - (9 - 10) - (1 - -19)
-9
3 - (-6 + 23) - -10
-4
-2 - (0 - -4 - (-22 + 23))
-5
Calculate -20 - (-18 + 13 - 19).
4
Evaluate 167 + -213 + (-1 - -23).
-24
5 - (6 + 30) - -31
0
What is 17 + (6 - 3) + -3?
17
0 + -6 + 39 + -8 - 7 - 1
17
-15 - (106 + -83 - (2 - 0))
-36
Evaluate -4 + 6 + 1 + 2 - (5 + -5).
5
What is (-2 - 0) + -28 + 27 - 4 - -7?
0
Evaluate -19 - (38 - 75) - 24.
-6
What is the value of 33 + (25 - 52) - -15?
21
Evaluate 2 - 0 - 3 - (270 + -270) - 19.
-20
What is the value of (6 - 4 - -4) + (-17 - -6)?
-5
What is the valu